{"id":6561,"date":"2025-04-01T07:29:50","date_gmt":"2025-04-01T13:29:50","guid":{"rendered":"https:\/\/maristacostarica.org\/home\/events\/celebracion-dia-de-los-ninos-y-las-ninas\/"},"modified":"2025-04-01T07:29:50","modified_gmt":"2025-04-01T13:29:50","slug":"celebracion-dia-de-los-ninos-y-las-ninas","status":"publish","type":"mec-events","link":"https:\/\/maristacostarica.org\/home\/events\/celebracion-dia-de-los-ninos-y-las-ninas\/","title":{"rendered":"Celebraci\u00f3n d\u00eda de los ni\u00f1os y las ni\u00f1as"},"content":{"rendered":"","protected":false},"excerpt":{"rendered":"","protected":false},"author":5,"featured_media":0,"comment_status":"","ping_status":"closed","template":"","tags":[],"mec_category":[36,38],"class_list":["post-6561","mec-events","type-mec-events","status-publish","hentry","mec_category-menuescolar","mec_category-frontpage"],"_links":{"self":[{"href":"https:\/\/maristacostarica.org\/home\/wp-json\/wp\/v2\/mec-events\/6561","targetHints":{"allow":["GET"]}}],"collection":[{"href":"https:\/\/maristacostarica.org\/home\/wp-json\/wp\/v2\/mec-events"}],"about":[{"href":"https:\/\/maristacostarica.org\/home\/wp-json\/wp\/v2\/types\/mec-events"}],"author":[{"embeddable":true,"href":"https:\/\/maristacostarica.org\/home\/wp-json\/wp\/v2\/users\/5"}],"replies":[{"embeddable":true,"href":"https:\/\/maristacostarica.org\/home\/wp-json\/wp\/v2\/comments?post=6561"}],"wp:attachment":[{"href":"https:\/\/maristacostarica.org\/home\/wp-json\/wp\/v2\/media?parent=6561"}],"wp:term":[{"taxonomy":"post_tag","embeddable":true,"href":"https:\/\/maristacostarica.org\/home\/wp-json\/wp\/v2\/tags?post=6561"},{"taxonomy":"mec_category","embeddable":true,"href":"https:\/\/maristacostarica.org\/home\/wp-json\/wp\/v2\/mec_category?post=6561"}],"curies":[{"name":"wp","href":"https:\/\/api.w.org\/{rel}","templated":true}]}}

Celebración día de los niños y las niñas
